8*u - 4. Let m(g) = -t(g) + 3*x(g). Is m(10) a composite number?
False
Suppose -j + 2*j - 158 = 0. Suppose -4*n = -2*n - j. Is n a prime number?
True
Suppose -b + 5 = 0, 0 = 5*o - 4*b - 622 - 2113. Is o prime?
False
Let q = -1742 - -2783. Is q prime?
False
Let q(i) = -i**3 - 2*i**2 + 2*i + 2. Let j be q(-3). Suppose j*m = 13 + 117. Is m composite?
True
Let t(a) = 2*a**2 - 2*a - 13. Let d(l) = -6*l**2 + 6*l + 38. Let s(p) = -6*d(p) - 17*t(p). Let m(h) = h**3 - 2*h + 2. Let w be m(2). Is s(w) composite?
False
Let b(g) = -2*g**3 - 5*g**2 + 4*g - 2. Let w be b(-5). Let x = -66 + w. Is x prime?
True
Let a(t) = 4*t**3 - 22*t**2 - t + 13. Let m(q) = -3*q**3 + 15*q**2 + q - 9. Let j(v) = -5*a(v) - 7*m(v). Suppose s = -6 + 2. Is j(s) a prime number?
False
Suppose -3*c + 3*m = -5316, c - 3*m - 277 = 1495. Let j = -1253 + c. Is j prime?
False
Is (100/30)/((-4)/(-894)) a prime number?
False
Suppose -4*o - 3*z = -21, -5*z + 1 = 3*o - 2*o. Suppose -78 = o*v - 8*v. Is v a prime number?
False
Let v be -8*1 + 1 - 2. Let f be 12/3*(1 + -4). Is ((-76)/f)/((-1)/v) prime?
False
Let s be (-1)/((-2)/(2 - -26)). Is (-10)/(-35) - (-2950)/s composite?
False
Suppose -5*h + 5 = -2*c - 0*h, -13 = -2*c - h. Suppose -s + c*b + 6 = 26, 2*s - 25 = -3*b. Suppose 4*d = -3*a + 137, 3*d - s*d + 61 = 3*a. Is d composite?
True
Suppose 483 = 2*o - 4*d - d, -2*o + 3*d = -473. Let s = o + -18. Is s a composite number?
False
Let u = -1 - -83. Is u a composite number?
True
Let f(u) be the third derivative of -u**4/4 - 5*u**3/6 - 2*u**2. Is f(-4) prime?
True
Suppose 0 = l + 4*k - 13, 3*l - 3*k - 9 = -0*k. Suppose 1048 = 2*r + 2*r + 3*h, 538 = 2*r + l*h. Is r composite?
True
Let o(x) = 20*x**2 + x + 4. Let w be o(-3). Let h = 338 - w. Is h composite?
False
Let h(x) = -6*x - 6. Let s be h(-3). Let r(o) = 47*o - 23. Is r(s) prime?
True
Suppose a = 5*k + 2471, 5*a - 9483 = -k + 2976. Is a a prime number?
False
Let z(m) = -m**3 + 12*m**2 + 6*m - 4. Is z(9) a composite number?
False
Let a = 651 + -344. Is a composite?
False
Suppose m - 3*p = -m + 81, 0 = m + p - 28. Suppose 6 - 2 = 2*i. Suppose 0 = -u - i*u + m. Is u a prime number?
True
Suppose -l - 7 = -b - 0*l, b - 2*l - 10 = 0. Suppose -b*g + 4*f + 385 = -g, 5*g + f = 634. Is g prime?
True
Suppose -5*f = 5*y - 20, 0*f - 5*y = f. Is (113/(-3))/(f/(-15)) prime?
True
Suppose 11*h - 7*h = 2076. Is h a prime number?
False
Let n = 65 + 62. Is n a composite number?
False
Suppose -4*g + 15 = -g. Suppose -g = -m + 1. Let n(u) = 7*u - 9. Is n(m) a composite number?
True
Let t be 6 - (5 - (-1 + 4)). Let h = 4 - t. Suppose 2*m = 4*i - h*m - 34, -3*i - m = -28. Is i prime?
False
Suppose -45 = -5*i + 2*i. Suppose i = -3*v, 5*v - 3*v = -q + 149. Is q prime?
False
Let t(m) be the third derivative of m**4/3 + m**3/2 + 3*m**2. Is t(4) prime?
False
Is (-13170)/(-12) + (-1)/2 prime?
True
Let r = 118 + -65. Suppose 0 = m + v - 6*v - r, 4*m + 5*v - 162 = 0. Is m composite?
False
Suppose -3*x - 2*q - 1768 = -6*x, -x - q + 581 = 0. Is x a composite number?
True
Let k(q) = q. Let b be k(-4). Let t be b/1*102/(-12). Suppose 15 = 3*i + 2*j - t, -12 = 3*j. Is i composite?
False
Suppose -3 = r - 0*r. Let w be 13/(-4) - (-4)/16. Is (r - w - 3) + 226 composite?
False
Let c(h) = -h**2. Let u(b) = 6*b**2 + 8*b - 15. Let w(z) = 4*c(z) + u(z). Is w(-11) composite?
False
Let t = -14 - -7. Let q(k) = -k**3 - 6*k**2 + k - 5. Is q(t) a composite number?
False
Let f = 1619 - 1092. Is f composite?
True
Let b be ((-7)/2)/(3/(-120)). Suppose -4*v = -4*d + 2*d + b, -4*d - v = -244. Is (1 - (-2)/(-4))*d a composite number?
False
Is 0/(8/(-4)) - -347 a composite number?
False
Let r(g) = g**3 - 5*g**2 + 4*g + 2. Let f be r(4). Suppose 3*u - 3*l - 381 = 0, -u - u = f*l - 254. Is u composite?
False
Let v(o) = 187*o**2 - o - 1. Is v(2) prime?
False
Let k(g) be the third derivative of g**4/24 + 3*g**2. Let x be k(6). Is x/(-9) - 226/(-6) prime?
True
Suppose 5*i - f = 2*f + 1240, 5*i - 1270 = -3*f. Is i composite?
False
Let f = -2597 - -1711. Let r(o) = -o**2 - 6*o - 3. Let n be r(-7). Is (-4)/n - f/10 a prime number?
True
Suppose -5*k = 5*z - 2610, -7 - 5 = -4*z. Is k a composite number?
True
Let n be ((2 - -2) + 0)*1. Let c(r) = -r + n + r + r**2 - r. Is c(3) prime?
False
Let p(z) = 8*z**2 + 7*z + 7. Let a(s) = 17*s**2 + 15*s + 15. Let k(h) = -3*a(h) + 7*p(h). Let v be 4/(-10) - (-13)/(-5). Is k(v) composite?
False
Let i = 8 - 5. Suppose 0 = z - y - 48, i*z + 3*y - 190 = -58. Is z a composite number?
True
Suppose 0 = 5*d + 3*d - 3280. Suppose 2*v - d = -5*l + 7*v, -4*l + 373 = 5*v. Is l a prime number?
False
Let o(q) = q + 7. Let w be o(-5). Suppose -3*k + 5*k - w*c - 8 = 0, 0 = -k + 4*c + 7. Is k/6*6*2 prime?
False
Suppose -6*z - 2539 = -19273. Is z a prime number?
True
Let p = -6 + 4. Let j(b) = 59*b**2 + b - 1. Is j(p) prime?
True
Let b = -162 + 321. Suppose 6 = 5*d + 36. Is (d/(-9))/(2/b) prime?
True
Let x = 359 - 122. Suppose 5*k = 2*k + x. Is k prime?
True
Let q(d) = 13*d**2 - 3*d + 3. Let v be (-1)/(-3)*(2 - -1). Suppose -5*l + 35 = -5*i, 3*i + 18 = 2*l - v. Is q(l) a prime number?
False
Let o(s) = -10*s - 4. Let d be o(-7). Let h = d - 7. Is h a composite number?
False
Is (2 - (-87)/(-9))/((-2)/78) prime?
False
Let c(i) = 4 + 0 + 12*i - i**2 - 1. Let y be c(6). Let o = y - 24. Is o a composite number?
True
Let s = -5 - -5. Let u(a) = -a**3 + 3. Let y be u(s). Is (0 - 0) + 122 - y a prime number?
False
Let d(a) = -a**2 + a + 65. Let h(c) = c**3 - 5*c**2 - 6*c. Let m = -9 + 15. Let b be h(m). Is d(b) a prime number?
False
Let u(f) = f**3 - 6*f**2 + 7*f - 6. Let l be u(5). Let i(c) = 33*c**2 + l*c + 0*c - 3*c. Is i(1) a prime number?
False
Let p(v) = v + 30 - v**3 + v**2 + 0*v + 0*v**2. Let z be p(0). Let b = z + -21. Is b a composite number?
True
Let i(n) = n**3 - 11*n**2 + 2*n - 4. Let l be i(8). Let d = l + 329. Is d composite?
False
Let x(i) = -i**2 + 8*i - 4. Let s be x(5). Is (s/2)/(3/18) a prime number?
False
Suppose -4*x + 92 = 5*u, -12*u + 9*u = 0. Is x a prime number?
True
Let v(q) = 19*q**3 - 9*q**2 - 6*q + 7. Is v(5) composite?
True
Suppose 2*g - 4*g + 40 = 0. Suppose -g = 7*f - 2*f, -4*s = -3*f + 8. Let u = 24 + s. Is u composite?
False
Let t(n) = -8*n + 3. Let v be 1/2 + (-17)/2. Is t(v) a prime number?
True
Suppose -3*n + 6 = -5*n. Let p = n - -5. Suppose 0 = 2*y + 8, -2*l - p*y + 18 = -0. Is l a composite number?
False
Let x(q) = -301*q - 9. Is x(-2) a composite number?
False
Suppose 0*r - 5*r - 20 = -j, 0 = -5*r - 25. Suppose -2*w = 2*l - 32, 2*l - 1 = 4*w - 89. Is 288/w + 2/j a composite number?
True
Suppose 0*u + u - 297 = -5*v, -3*v + 173 = -2*u. Is v a composite number?
False
Let r = 230 + -161. Is (r/(-3))/(1/(-5)) a prime number?
False
Let y = 26 + -5. Let w = y + -12. Is w composite?
True
Let o be (4 + 0)*(-154)/4. Let h = -107 - o. Is h a composite number?
False
Suppose 3*k + 494 = 4*k. Suppose k = -5*c - 326. Let o = 291 + c. Is o prime?
True
Suppose 24 = 5*b - b. Suppose -b*s + 53 = -5*s. Is s a composite number?
False
Suppose -4*g + 1557 = 201. Let z = g - 178. Is z prime?
False
Let m = -4 + 7. Let b be ((-4)/6)/((-6)/27). Suppose 0*p + b*v = p - 19, -p = m*v - 1. Is p prime?
False
Suppose 3*x + o = 985, 0 = 4*x + 2*o - 1785 + 473. Is x composite?
True
Let i be 1 + -2 + (9 - 4). Let o(p) = 3*p**2 - 3*p + 3. Let m be o(i). Let u = m + -25. Is u composite?
True
Suppose -5*n + 11 = -2*p, -n - 2*p = 2 - 9. Suppose 0 = 2*l - a + 2*a + 4, 0 = -n*l + a - 16. Is -10*(0 + 22/l) prime?
False
Suppose 0 = 3*c - 6. Suppose -4*w = -c*y + 58, -3*y = -8*y + 5*w + 160. Is y a prime number?
False
Let b(f) = 125*f**2 - f - 5. Is b(3) a prime number?
True
Let a = 1264 - 650. Is a a prime number?
False
Suppose 4*u - u + 1617 = 2*r, 2*r - 1638 = -4*u. Is r composite?
True
Let a be (-8)/6*(-5190)/4. Is a/6 - (-2)/3 a prime number?
False
Let t = 200 + -106. Is t a composite number?
True
Is (-4)/3 + (-7570)/(-30) a composite number?
False
Let b(s) = s**2 + 25. Is b(0) a composite number?
True
Is 2 + -1 - (-4 - 62) a prime number?
True
Suppose 3*h - 2348 - 1267 = 0. Is h a prime number?
False
Suppose q - 623 = -4*m + 2*q, 3*q + 456 = 3*m. Is m a prime number?
True
Suppose 3 = -2*g + 9. Suppose -5*f + 11 + 13 = -4*h, 2*f = 4*h + 12. Suppose -3*q + 11 = -f, -611 = -4*s - g*q. Is